-25) - 62*-1. Calculate the highest common factor of i and 186.
62
Let z be (-20)/(-6)*(1 - -29). Let p be 548/28 - (50/14 + -4). Calculate the greatest common factor of p and z.
20
Let z be 11*2 + (-10 - -8). Let c be 1*(-4 - -3)*0. Suppose 3*h - 3*j - 9 = 0, 3*j + j - 4 = c. Calculate the greatest common factor of z and h.
4
Suppose -2*u - 3*i - 378 = -6233, -4*u - 3*i = -11713. Calculate the greatest common factor of u and 29.
29
Suppose 0 = 3*z - 3*g - 2598, 872 = z - g - 3*g. Calculate the highest common divisor of z and 32.
32
Let p(m) = 2*m**2 + 12. Let g be p(6). What is the greatest common factor of 12 and g?
12
Let s be ((-9)/90*-4)/((-2)/(-25)). Suppose 0 = s*i + 4*h - 98, 6*i = 4*i + 2*h + 50. What is the highest common factor of i and 110?
22
Let u(k) = -k**3 - 16*k**2 - 3*k + 69. Let g be u(-16). Calculate the highest common factor of 169 and g.
13
Suppose -d + 48 = -3*i, 69 = 3*d + 5*i - 33. Calculate the greatest common factor of 91 and d.
13
Suppose -4*f - 5 + 29 = -4*n, 4*f = -4*n + 16. What is the highest common divisor of 215 and f?
5
Let i(n) = 6*n**2 - 11*n - 2. Let l be i(5). Let t be (-2 - l/(-5)) + (-4)/(-10). Calculate the highest common divisor of t and 187.
17
Let a = 325 + -154. Let s be 1/(1 - (-180)/(-190)). What is the greatest common factor of s and a?
19
Suppose -3*n - 5*r = -61, 2*r + 2*r = 2*n - 4. Suppose 14*i + 5*d = 12*i + 80, -3*d - 48 = -2*i. Calculate the greatest common divisor of n and i.
6
Let o = -72 + 84. Calculate the greatest common factor of 12 and o.
12
Let f = -267 - -191. Let q = -28 - f. Calculate the greatest common divisor of q and 12.
12
Suppose 12*v - 54 = 5862. What is the greatest common divisor of 17 and v?
17
Let h be 1/2*14 + 67 + 1. Let r(u) = 4*u**2 - u + 1. Let y be r(2). Calculate the greatest common factor of h and y.
15
Suppose -i = -3*i - 5*a + 187, -4*i + a = -319. Let l = i + -59. Calculate the highest common divisor of 2 and l.
2
Let s(t) = -t**3 - 11*t**2 + 13*t + 7. Let d(a) = -a**2 - 12. Let n be d(0). Let c be s(n). Let k = c + 53. What is the highest common factor of k and 8?
8
Suppose -123 = 2*p - 341. Let z(b) = b**2 + 7*b + 10. Let t be z(-11). Let a = p - t. What is the greatest common divisor of 5 and a?
5
Let k(l) = -2*l - 8*l**2 - 13 + 6*l**2 + 4 - 19*l. Let r be k(-6). What is the highest common factor of r and 135?
45
Let j(b) = 2*b**3 - 4*b**2 + 3*b - 2. Let p be j(2). Let a(n) = -3*n + 15. Let x be a(p). Calculate the greatest common divisor of x and 39.
3
Suppose 2*l + 70 = 3*c + l, 5*c - 4*l = 112. Calculate the greatest common factor of c and 300.
12
Let b = -2 + -4. Let y be b/(-9)*9/(-6). Let d(n) = -22*n - 1. Let t be d(y). Calculate the highest common factor of 189 and t.
21
Let p be 198/9 + 3/(-1). Let a be (70/(-4))/(p/(-38)). Let l be (-2)/4*(-2 - 8). What is the greatest common factor of a and l?
5
Suppose -3*h - 5*w + 4*w - 40 = 0, -5*h - 64 = w. Let c = h + 29. Let k = 18 - c. What is the greatest common factor of 9 and k?
1
Let p be (2 + (3 - 5))*(1 - 0). Suppose p = z + 9*z - 480. What is the highest common divisor of z and 240?
48
Let j(n) = 9*n + 126. Let z be j(-13). Suppose 2*h - 2*f = -2*h + 146, f = -1. What is the greatest common divisor of h and z?
9
Let s(y) = y**2 - 2*y. Let z be s(5). Let i be 9/(-45) + 118/(-10). Let f be 8/(12/(-3)) - i. Calculate the greatest common divisor of z and f.
5
Let k be (1 + -3)/(2/(-56)). Let v be (15 + -16)/(1/2) - -10. What is the highest common divisor of v and k?
8
Suppose -5*q = -b + 47, -b - 5 = -2. Let v = q + 20. Suppose 50 = y + 4*y. Calculate the highest common divisor of y and v.
10
Let j = -383 - -392. Suppose 4 = -5*k + 9. What is the greatest common factor of k and j?
1
Let d be (-8)/(-36) - (-338)/18. Suppose -3*m - 2*o = 2*m - 85, 75 = 5*m + 4*o. Calculate the greatest common divisor of d and m.
19
Let d(y) = -78*y - 31. Let x be d(-3). What is the highest common factor of x and 29?
29
Suppose -s + 21 = 6*s. Suppose -s*h + 94 = 52. What is the greatest common factor of h and 112?
14
Suppose 41*b = -4*b + 19530. What is the highest common divisor of 186 and b?
62
Let y be 2/10 - (-11)/(-5) - 17. Let i(j) = j**3 + 18*j**2 - 17*j + 39. Let w be i(y). Calculate the highest common factor of 5 and w.
1
Let h(w) = w**2 + 8*w - 36. Let q be h(-11). Let t be q/(-1)*-1 - -35. Calculate the highest common factor of t and 8.
8
Let m(p) = -14*p**3 + 3*p**2 + 8*p + 2. Let g be m(-2). Calculate the greatest common factor of 22 and g.
22
Let h = 260 - 101. Calculate the highest common divisor of 3 and h.
3
Let g(t) = -t**2 + 21*t + 70. Let z be g(21). What is the highest common factor of 14 and z?
14
Let u be ((-15)/(-6))/(-1)*-2. Let f = 23 - 18. Suppose -6*p + 25 = -f. Calculate the greatest common factor of u and p.
5
Suppose r = -10*r + 11. Let t be 151 + (1 + -2)*r. Calculate the greatest common divisor of t and 60.
30
Let q(j) = j**2 - 4*j + 336. Let r be q(0). What is the greatest common factor of r and 28?
28
Let v be 92 + (1 - 0 - 3). Let j = -70 + 106. Calculate the highest common divisor of v and j.
18
Let s(f) = 3*f - 10. Let o be s(5). Let l be 7*o/(10/8). What is the greatest common factor of l and 70?
14
Let c(z) = -13*z + 2. Let b be (-160)/15 - (-1)/(-3). Let q = b + 5. Let j be c(q). Calculate the greatest common divisor of 10 and j.
10
Suppose 3*j + 0*j = 63. Suppose 0 = -5*z - 46 + 61. Calculate the greatest common factor of j and z.
3
Let m(k) be the third derivative of -k**6/120 - k**5/10 + 13*k**4/24 - 2*k**3/3 - 11*k**2. Let i be m(-8). Calculate the highest common divisor of 60 and i.
20
Suppose -4*v + 18 = 3*k, 7 = 3*v - 2. Let p be ((-16)/(-6))/(3 + 382/(-126)). Let n = 94 + p. Calculate the greatest common factor of n and k.
2
Suppose -4*m = -5*m. Suppose 3*l - 55 + 19 = m. What is the highest common factor of l and 60?
12
Let k be (-1)/(-2) + 31800/48. What is the highest common divisor of k and 51?
51
Let d be (0 - 2)/(3/(-9)). Let m = 36 + -35. Let j(k) = 19*k - 1. Let h be j(m). Calculate the highest common factor of h and d.
6
Suppose -4*s = 2*h + 8, 4*s - 2 = 6*s + 2*h. Let d be -48 - 2 - (-1 - s). Let t = d - -212. What is the highest common factor of t and 16?
16
Let q(f) = 4*f - 6. Let r = 16 - 12. Let a be q(r). Let l(d) = 6*d - 2. Let t be l(7). What is the highest common factor of a and t?
10
Let c(g) = -g**2 + 5*g + 2. Let m be c(5). Suppose r - 6 = -m*r. Suppose 0 = -r*o - 2*o + 8. Calculate the highest common divisor of o and 4.
2
Let i = -1249 + 314. Let q = -658 - i. Let p = 464 - q. Calculate the highest common factor of p and 17.
17
Suppose 0 + 3 = -o. Let q be ((-105)/12)/(o/24). Let y be -4*(-10 + 15 - 3*4). What is the greatest common divisor of y and q?
14
Suppose -665 = -17*w + 1358. Calculate the greatest common factor of w and 85.
17
Suppose 18 = 7*y - 3*y - 2*t, -2*y + 12 = -4*t. Suppose b = -3*f - 2*b + 30, y = 2*b. What is the greatest common divisor of 88 and f?
8
Let a(z) = -5*z + 11. Let s(u) = u**3 - 11*u**2 - 12*u - 15. Let p be s(12). Let k be a(p). Calculate the highest common factor of 43 and k.
43
Let k = -51 - -103. Let z(t) be the third derivative of t**5/20 + t**4/6 - t**3/3 + 24*t**2. Let y be z(6). Calculate the greatest common divisor of k and y.
26
Let w = 119 - 79. Let k(l) = -l**3 + 29*l**2 - 76*l - 42. Let x be k(26). What is the highest common factor of w and x?
10
Suppose 3*m - m + 248 = 3*p, -p + 111 = 5*m. Let t be (7/((-7)/p))/(-2). Let o = t + -11. Calculate the greatest common factor of 4 and o.
4
Let c be (10 - (-185)/(-15))*(0 - 6). What is the greatest common factor of c and 14?
14
Let s be -1 - (2 + (-90 - 1)). Let c(x) = 21*x**3 - x**2 + 4*x - 2. Let q be c(1). Calculate the highest common factor of q and s.
22
Suppose 0 = 126*f - 122*f - 144. Calculate the highest common factor of 372 and f.
12
Let h be ((-265)/7 - -1)/(21/(-294)). Calculate the highest common factor of 36 and h.
12
Let s = -114 + 564. What is the greatest common factor of 72 and s?
18
Suppose -6030 = -13*j - 2*j. What is the greatest common divisor of j and 9?
3
Suppose 3*n - 71 = -x, -157 = -3*x + 6*n - n. Suppose 5*c = 2*v - 32, -3*v + 0 + x = -2*c. What is the highest common divisor of 3 and v?
3
Let l(v) = -v**3 + v**2 + 3*v. Let x be l